t the prime factors of 162737501.
131, 1242271
List the prime factors of 3501594114.
2, 3, 583599019
What are the prime factors of 7796907?
3, 281, 3083
List the prime factors of 142981394.
2, 37, 1932181
List the prime factors of 69798235.
5, 13, 1073819
List the prime factors of 3754639287.
3, 7, 59597449
What are the prime factors of 657359688?
2, 3, 23, 97, 12277
What are the prime factors of 2711900896?
2, 29, 2922307
List the prime factors of 42018963.
3, 7, 2000903
List the prime factors of 62779459.
673, 93283
What are the prime factors of 235797146?
2, 13, 79, 114799
What are the prime factors of 20620738?
2, 19, 79, 6869
What are the prime factors of 104771917?
467, 224351
What are the prime factors of 25594675?
5, 29, 43, 821
What are the prime factors of 296095828?
2, 7, 1510693
What are the prime factors of 448858251?
3, 2113, 23603
What are the prime factors of 119910276?
2, 3, 1709, 1949
List the prime factors of 1874528024.
2, 3109, 75367
What are the prime factors of 51416719?
2069, 24851
What are the prime factors of 93190873?
93190873
List the prime factors of 452405301.
3, 229, 691, 953
List the prime factors of 5381329397.
19, 283227863
List the prime factors of 44522826.
2, 3, 1453, 5107
What are the prime factors of 48619621?
48619621
What are the prime factors of 1056795065?
5, 211359013
List the prime factors of 3411583893.
3, 19, 739, 8999
List the prime factors of 1184166464.
2, 13, 1423277
What are the prime factors of 733449768?
2, 3, 17, 59, 30469
What are the prime factors of 2456523183?
3, 617, 1327133
List the prime factors of 1019099562.
2, 3, 13, 127, 102877
What are the prime factors of 178582011?
3, 523, 113819
What are the prime factors of 1209604399?
67, 1901, 9497
What are the prime factors of 2977439212?
2, 11, 4493, 15061
What are the prime factors of 213512572?
2, 7, 13, 45121
What are the prime factors of 241668131?
241668131
What are the prime factors of 384686872?
2, 103, 466853
List the prime factors of 76555880.
2, 5, 83, 23059
List the prime factors of 291945767.
137, 457, 4663
What are the prime factors of 10055580?
2, 3, 5, 167593
What are the prime factors of 43735762?
2, 7, 3123983
What are the prime factors of 527624?
2, 101, 653
What are the prime factors of 231511873?
89, 353, 7369
List the prime factors of 29712396.
2, 3, 7, 17, 20807
List the prime factors of 2967003.
3, 13, 79, 107
What are the prime factors of 446069686?
2, 223034843
List the prime factors of 25980485.
5, 5196097
List the prime factors of 81349141.
59, 1378799
List the prime factors of 1636679056.
2, 102292441
List the prime factors of 317569611.
3, 31, 3414727
What are the prime factors of 476697458?
2, 421, 566149
What are the prime factors of 61221801?
3, 1051, 19417
List the prime factors of 150377119.
2753, 54623
List the prime factors of 11877891.
3, 3959297
List the prime factors of 20212249.
37, 337, 1621
List the prime factors of 23686486.
2, 11843243
List the prime factors of 1556237875.
5, 29, 331, 1297
List the prime factors of 53536992.
2, 3, 83, 6719
List the prime factors of 390703028.
2, 499, 195743
List the prime factors of 501529117.
37, 1723, 7867
List the prime factors of 19379475.
3, 5, 86131
List the prime factors of 415212220.
2, 5, 359, 57829
List the prime factors of 70228301.
11, 13, 71, 6917
List the prime factors of 38939111.
2447, 15913
List the prime factors of 2699272294.
2, 109, 12381983
What are the prime factors of 75883337?
37, 283, 7247
List the prime factors of 12357169.
11, 1123379
What are the prime factors of 39921153?
3, 13307051
What are the prime factors of 1615869146?
2, 2143, 377011
What are the prime factors of 1312481550?
2, 3, 5, 59, 148303
List the prime factors of 1010796441.
3, 336932147
List the prime factors of 8206382168.
2, 181, 739, 7669
List the prime factors of 1395082557.
3, 11, 14091743
List the prime factors of 646940302.
2, 31, 191, 54631
What are the prime factors of 111364431?
3, 31, 1197467
What are the prime factors of 1239918769?
1239918769
List the prime factors of 27302054.
2, 13, 1050079
List the prime factors of 5933914086.
2, 3, 43, 4493, 5119
What are the prime factors of 10588603?
17, 139, 4481
List the prime factors of 814355742.
2, 3, 135725957
What are the prime factors of 3253003093?
3253003093
List the prime factors of 19718604.
2, 3, 31, 17669
What are the prime factors of 2774072144?
2, 769, 225461
What are the prime factors of 86000734?
2, 43000367
What are the prime factors of 35069634?
2, 3, 1948313
What are the prime factors of 78493325?
5, 3139733
List the prime factors of 592116582.
2, 3, 6961, 14177
What are the prime factors of 310776238?
2, 29, 269, 19919
List the prime factors of 94953871.
313, 303367
What are the prime factors of 161256737?
233, 692089
What are the prime factors of 4249766?
2, 83, 25601
What are the prime factors of 503681363?
8527, 59069
What are the prime factors of 408183399?
3, 13, 383, 9109
List the prime factors of 189988001.
7, 27141143
What are the prime factors of 392684000?
2, 5, 127, 773
What are the prime factors of 14095289?
13, 1084253
List the prime factors of 3959114768.
2, 7, 17, 877, 2371
List the prime factors of 113213438.
2, 13, 17, 19, 61
List the prime factors of 11928235.
5, 11, 216877
List the prime factors of 134156932.
2, 7, 13, 28351
What are the prime factors of 1047421195?
5, 7433, 28183
List the prime factors of 3900987.
3, 144481
List the prime factors of 16955186.
2, 23, 151, 2441
List the prime factors of 821557596.
2, 3, 68463133
What are the prime factors of 67424892?
2, 3, 397, 14153
What are the prime factors of 195699795?
3, 5, 2239, 5827
List the prime factors of 589736299.
1069, 551671
What are the prime factors of 22861057?
23, 97, 10247
List the prime factors of 370254270.
2, 3, 5, 12341809
List the prime factors of 168647871.
3, 7, 17, 433, 1091
List the prime factors of 506677615.
5, 53, 1911991
What are the prime factors of 98170125?
3, 5, 261787
What are the prime factors of 65599328?
2, 17, 120587
What are the prime factors of 312760958?
2, 67, 2334037
List the prime factors of 63070668.
2, 3, 157, 11159
List the prime factors of 3391540415.
5, 678308083
What are the prime factors of 432276795?
3, 5, 139, 69109
What are the prime factors of 38482956?
2, 3, 23, 46477
What are the prime factors of 52265610?
2, 3, 5, 79, 7351
List the prime factors of 2915250441.
3, 971750147
What are the prime factors of 108048811?
13, 8311447
List the prime factors of 62314963.
79, 127, 6211
What are the prime factors of 456050042?
2, 7, 32575003
List the prime factors of 931941230.
2, 5, 11, 8472193
What are the prime factors of 1033934?
2, 11, 46997
What are the prime factors of 818408817?
3, 419, 217027
List the prime factors of 2271610862.
2, 47, 4813, 5021
What are the prime factors of 636275874?
2, 3, 13, 627491
What are the prime factors of 418865334?
2, 3, 4909, 14221
List the prime factors of 4965406384.
2, 310337899
List the prime factors of 2243927296.
2, 13, 131, 5147
List the prime factors of 110256926.
2, 13, 1733, 2447
List the prime factors of 2313812681.
71, 337, 96703
What are the prime factors of 49380778?
2, 24690389
List the prime factors of 155670322.
2, 37, 2103653
What are the prime factors of 1607095925?
5, 37, 1737401
What are the prime factors of 1085235263?
7, 443, 349963
List the prime factors of 25442529.
3, 7, 1211549
List the prime factors of 1181713008.
2, 3, 7, 502429
What are the prime factors of 2307310406?
2, 1153655203
What are the prime factors of 24282469?
1039, 23371
What are the prime factors of 7181535819?
3, 73, 32792401
List the prime factors of 235191926.
2, 117595963
List the prime factors of 148238424.
2, 3, 103, 2221
List the prime factors of 53401918.
2, 26700959
What are the prime factors of 7561870400?
2, 5, 7, 53, 12739
List the prime factors of 295109160.
2, 3, 5, 383, 6421
List the prime factors of 313924434.
2, 3, 52320739
List the prime factors of 112949431.
7, 16135633
List the prime factors of 888414544.
2, 55525909
List the prime factors of 98651937.
3, 32883979
List the prime factors of 1444906881.
3, 11, 14595019
List the prime factors of 32490949.
71, 443, 1033
List the prime factors of 46935316.
2, 53, 221393
What